greatest common factor of 16 and j?
4
Let y be 4/((-4)/(-3))*21. Suppose -2*q + q + y = 0. Calculate the greatest common factor of 7 and q.
7
Let p = 203 - 131. What is the greatest common factor of 9 and p?
9
Suppose -3*l = l - 4. Let v be 4/2*(-6)/(-4). Calculate the highest common divisor of l and v.
1
Suppose -57 - 3 = -5*i. What is the greatest common factor of 96 and i?
12
Let i be 2/(-4) - (-86)/4. What is the greatest common divisor of 14 and i?
7
Suppose t + 0*w = -w + 20, -2*w = 0. Calculate the highest common divisor of t and 20.
20
Let b be (-68)/17 + 29 + -1. What is the highest common divisor of b and 12?
12
Let h = -127 + 190. Suppose -25 = 3*f - 8*f. Suppose 0 = 2*y + 5*n + 11, -f*y - n + 29 + 1 = 0. What is the highest common divisor of h and y?
7
Suppose 0*r = r + 2. Let u(q) = -3*q**3 - 2*q**2 - 4*q - 3. Let b be u(r). What is the highest common divisor of 7 and b?
7
Let f be (14 - -1)/3 + 1*-2. What is the highest common factor of 4 and f?
1
Let n(m) = m**3 - 5*m**2 - 5*m - 7. Suppose -2*x - 21 = -5*x. Let d be n(x). Calculate the greatest common divisor of d and 14.
14
Let d be (-8 - 110/(-15))/(2/(-36)). What is the greatest common factor of 42 and d?
6
Let y = 2 - -2. What is the highest common divisor of 44 and y?
4
Suppose 3*d - 4*k = 25, d + 2*k + 8 = 3. Suppose -5*q = -r + 29, 0*r - d*q + 1 = 4*r. What is the greatest common divisor of 12 and r?
4
Let b be ((-368)/(-20))/((-4)/(-10)). Let x = b + -4. What is the highest common factor of 6 and x?
6
Suppose -4*d - d = -120. Let u = d - 13. Let f be 294/9 + (-1)/(-3). What is the greatest common divisor of u and f?
11
Suppose -5*p - 3*v + 32 = 0, -31*p + 24 = -27*p + 4*v. Let l be (-2*1)/(2/(-56)). Calculate the greatest common factor of p and l.
7
Let p be (-325)/(-15) + (-2)/3. Calculate the highest common divisor of 105 and p.
21
Let s = -5 - -4. Let t = 2 - -27. Let a = s + t. Calculate the greatest common divisor of 7 and a.
7
Let r be 3*(20/(-3))/(-4). Let h be (-4)/r*1185/(-2). Suppose -2*j = -4*b - 0*b + h, -5*b + 594 = -3*j. What is the greatest common divisor of b and 13?
13
Suppose -3*r = -5*f - 8, 3*f - 6 = -5*r + 30. Suppose -3 = -3*d + r. Let q = 15 + -9. Calculate the greatest common factor of q and d.
3
Let o = -7 + 9. Let d = 1 + 1. Suppose d*c - 32 = -o*c. What is the highest common factor of 32 and c?
8
Suppose 3*x + 23 = 6*x + 4*j, 4*j = 3*x - 7. Suppose -x*g = 18 - 58. Calculate the greatest common divisor of g and 64.
8
Let f = 4 + -1. Suppose 4*j + g - 24 = 0, 4*g - 30 = -2*j - f*j. What is the highest common divisor of j and 6?
6
Let b be -7 + 1 + (-1 - -4). Let t be 44 - (9/b - -2). Calculate the greatest common factor of 18 and t.
9
Let k(p) = -8*p - 1. Let n be k(4). Let z = 57 + n. What is the highest common factor of z and 8?
8
Let o(f) = f**3 + 5*f**2 - 8*f - 6. Let n be o(-5). Let a = 70 - n. Calculate the greatest common divisor of 54 and a.
18
Suppose i = 38 + 46. What is the greatest common divisor of 12 and i?
12
Let x(c) = 3*c. Let u be x(2). Let a be (u/10)/(3/15). Calculate the highest common divisor of a and 33.
3
Suppose 0*l = 2*l - 4. Suppose l*c + 2*c - 8 = 0. Suppose c*b - 37 = -5*r, -2*b + 3*r + 33 = -12. What is the greatest common factor of b and 7?
7
Let n = -39 - -95. Let p(u) = 6*u**2 - 2*u + 1. Let f be p(1). Suppose 2*j - 46 = -6*t + 2*t, -5*t + f*j = -95. Calculate the highest common divisor of n and t.
14
Suppose -4*d - 4*z + 220 = 0, -4*d + 2*z + 184 = -66. Calculate the highest common divisor of d and 160.
20
Let s(m) = -3*m + 6. Let q be s(-3). What is the greatest common divisor of 30 and q?
15
Let x = -12 - -2. Let s be (-5)/(-1*x/(-4)). Calculate the highest common divisor of s and 2.
2
Suppose 0 = -2*a + a + 5. Let m be (34/10)/(1/a). Calculate the highest common factor of m and 85.
17
Let u = -259 + 1095. Let t = -444 + u. Suppose 0 = 5*p - t - 268. What is the highest common factor of 12 and p?
12
Suppose k = 3*j + 12, 4*k + 2*j - 36 = k. Calculate the highest common divisor of k and 6.
6
Suppose -2*a + 52 = -0*a. Suppose -b + 3*b = 130. Calculate the greatest common factor of a and b.
13
Let n be 8/(-5)*(-1 - 4). Let d be (-24)/(-15)*(24 + 1). What is the greatest common divisor of n and d?
8
Let g = 2 - -1. Let y be 4/(12/15)*3. Calculate the greatest common divisor of y and g.
3
Suppose -2*u + 3*u = 4. Suppose -10 = -u*f + 3*f. Suppose 4*p = -2 + 10. Calculate the highest common divisor of p and f.
2
Suppose 0 = -4*y + y + 48. Suppose -l - 8 = -1. Let v(p) = -p**2 - 8*p + 9. Let s be v(l). What is the greatest common factor of s and y?
16
Let m be 11*-10*10/(-4). What is the highest common divisor of 25 and m?
25
Suppose -6*n + 108 = -2*n. Suppose -6 = -5*q + 4. Suppose n = o + q*o. What is the greatest common divisor of o and 18?
9
Let g(c) = 63*c. Let i be g(1). Suppose 4*o - 32 = -0. Suppose 2*l = -o, 0 = -v + l + 4*l + 62. What is the highest common factor of v and i?
21
Suppose 0 = -2*z - 3*z + 40. Let w = -14 + z. Let v = w + 14. What is the highest common factor of 20 and v?
4
Let b be 2 + (31 - 1 - -1). Let n = b + -17. Calculate the highest common divisor of 16 and n.
16
Suppose 8*q - 218 - 702 = 0. What is the greatest common divisor of q and 46?
23
Let c be 0 + 1 - (-18 - 6). Suppose -4*w - c = -9*w. What is the highest common factor of w and 20?
5
Let t(s) = -s**2 - 12*s - 13. Let a be t(-9). Calculate the greatest common factor of 70 and a.
14
Suppose 0 = 3*f - 6. Suppose 3*z - 6*z = -5*r + 28, -r - 3*z + f = 0. Calculate the highest common divisor of 10 and r.
5
Let w = 16 + 6. Suppose 2*y + 2*r - 434 = 0, -5*r - 19 = -4. What is the greatest common divisor of w and y?
22
Suppose 3*g = 15 - 6. Let n be (6 - 1 - g) + 0. What is the highest common factor of 2 and n?
2
Let m = -30 + 53. Calculate the highest common divisor of 46 and m.
23
Let n = -65 - -94. What is the highest common factor of 29 and n?
29
Let x(z) = -7*z. Let p be x(-1). What is the highest common factor of p and 7?
7
Suppose 46 = -4*j + 158. Calculate the highest common divisor of 112 and j.
28
Let b(d) = -2*d - 9. Let o be b(-8). Calculate the highest common factor of 7 and o.
7
Let k(c) = -15*c**2. Let d be k(1). Let v be (-18)/d*(-520)/(-6). Suppose -29 = -l - 3. Calculate the highest common factor of l and v.
26
Suppose -3*h = -0*h - 168. Let o(i) = -2*i - 10. Let u be o(-9). Calculate the highest common divisor of h and u.
8
Let j = 23 - 5. Let w(r) = r. Let g be w(3). Suppose c = 2*c + g*v - 39, 0 = -c - 4*v + 37. What is the greatest common factor of j and c?
9
Suppose 4*a - 3*a - 4 = 0. Suppose w - a = -w. Suppose 2*x + i - 5 = 0, -2*i - 2 = -w*x + 6. What is the greatest common divisor of x and 33?
3
Let w(y) = -y**3 - 8*y**2 - 2*y - 4. Let g be w(-8). Suppose g = -3*h, 4*s + 2 = 4*h + 466. Calculate the greatest common factor of 16 and s.
16
Let f be (0 + -4)/(1*-1). Let z = 79 - 69. Calculate the greatest common divisor of f and z.
2
Let h be (2 - (2 + -1)) + -7. Let i be (h/4)/(2/(-24)). What is the highest common factor of i and 18?
18
Let d(a) = a**3 - 14*a**2 + 3*a. Let z be d(14). What is the highest common divisor of z and 84?
42
Let h(t) = 815*t**3 + t. Let s be h(1). Suppose -7*b = -3*b + s. Let m be (b/(-4))/(9/6). Calculate the greatest common divisor of 17 and m.
17
Let f(v) be the first derivative of -33*v**2/2 - 3. Let h be f(-2). What is the greatest common factor of h and 6?
6
Let i = -24 + 26. Let d(p) = p**2 - p + 15. Let h be d(0). Suppose h = 9*w - 4*w. What is the highest common divisor of w and i?
1
Let g = 376 + -708. Let z be (-4)/22 + g/(-11). What is the greatest common factor of 15 and z?
15
Suppose -80 = -v - 0*v. Calculate the highest common factor of v and 16.
16
Suppose -g = -8*g + 105. What is the highest common factor of g and 120?
15
Let h = -627 + 415. Let s be h/(-6) - 2/(-3). Let f = -17 - -29. Calculate the greatest common divisor of s and f.
12
Let f be (-1 - -1) + 6 + 43. Let p(j) = -j**2 + 6*j + 2. Let c be 0/2 + -2 - -7. Let v be p(c). Calculate the greatest common factor of v and f.
7
Let k(n) = n + 5. Let z be k(-5). Let b = z - -11. Calculate the greatest common factor of b and 11.
11
Let n be 444/22 - 4/22. Let z = -11 + n. Calculate the greatest common factor of 63 